03
List the prime factors of 2741761.
11, 23, 10837
What are the prime factors of 118196?
2, 13, 2273
What are the prime factors of 28576803?
3, 29, 227, 1447
List the prime factors of 445500.
2, 3, 5, 11
What are the prime factors of 37237?
23, 1619
What are the prime factors of 1272618?
2, 3, 23567
What are the prime factors of 598011?
3, 199337
What are the prime factors of 9705825?
3, 5, 4793
List the prime factors of 7444838.
2, 3722419
What are the prime factors of 6116585?
5, 41, 29837
What are the prime factors of 301123?
301123
List the prime factors of 592684.
2, 148171
List the prime factors of 332582.
2, 179, 929
What are the prime factors of 531062?
2, 7, 5419
List the prime factors of 7116011.
7, 1016573
List the prime factors of 279884.
2, 11, 6361
List the prime factors of 195892.
2, 48973
What are the prime factors of 181976?
2, 23, 43
List the prime factors of 45125.
5, 19
What are the prime factors of 21801155?
5, 4360231
List the prime factors of 3228969.
3, 1076323
List the prime factors of 930936.
2, 3, 79, 491
List the prime factors of 2587295.
5, 517459
List the prime factors of 7572488.
2, 7, 11, 19, 647
What are the prime factors of 4608220?
2, 5, 103, 2237
List the prime factors of 1738495.
5, 11, 73, 433
List the prime factors of 10757017.
389, 27653
What are the prime factors of 2155265?
5, 7, 19, 463
List the prime factors of 1200312.
2, 3, 5557
What are the prime factors of 731997?
3, 7, 1291
What are the prime factors of 542185?
5, 7, 2213
What are the prime factors of 4034309?
31, 181, 719
What are the prime factors of 5906858?
2, 2953429
What are the prime factors of 1716510?
2, 3, 5, 29, 1973
What are the prime factors of 1325424?
2, 3, 53, 521
List the prime factors of 1218782.
2, 609391
What are the prime factors of 6851705?
5, 7, 163, 1201
What are the prime factors of 2590877?
2590877
What are the prime factors of 73845?
3, 5, 547
List the prime factors of 63296.
2, 23, 43
List the prime factors of 185197.
41, 4517
List the prime factors of 371527.
13, 28579
What are the prime factors of 13442149?
7, 751, 2557
What are the prime factors of 328618?
2, 164309
List the prime factors of 2297142.
2, 3, 17, 7507
List the prime factors of 835498.
2, 23, 41, 443
What are the prime factors of 38999?
59, 661
List the prime factors of 9211983.
3, 11, 23, 53, 229
What are the prime factors of 445311?
3, 16493
What are the prime factors of 621783?
3, 23029
List the prime factors of 1311553.
1311553
List the prime factors of 418187.
7, 11, 5431
What are the prime factors of 3929525?
5, 157181
List the prime factors of 267570.
2, 3, 5, 991
List the prime factors of 1913723.
7, 31, 8819
What are the prime factors of 21865?
5, 4373
List the prime factors of 1035884.
2, 258971
List the prime factors of 594280.
2, 5, 83, 179
What are the prime factors of 232479?
3, 13, 1987
What are the prime factors of 4018539?
3, 7, 27337
What are the prime factors of 646323?
3, 17, 19, 23, 29
List the prime factors of 187347.
3, 197, 317
List the prime factors of 3338937.
3, 7, 52999
List the prime factors of 2903040.
2, 3, 5, 7
List the prime factors of 932264.
2, 116533
What are the prime factors of 4554123?
3, 7, 229, 947
List the prime factors of 8145484.
2, 563, 3617
What are the prime factors of 11113950?
2, 3, 5, 74093
What are the prime factors of 159803?
7, 37, 617
List the prime factors of 1073628.
2, 3, 9941
List the prime factors of 108444.
2, 3, 7, 1291
What are the prime factors of 12272450?
2, 5, 103, 2383
List the prime factors of 9324456.
2, 3, 388519
What are the prime factors of 2247091?
7, 11, 379
What are the prime factors of 3844927?
3844927
What are the prime factors of 6727795?
5, 1345559
List the prime factors of 17754130.
2, 5, 761, 2333
What are the prime factors of 5535930?
2, 3, 5, 127, 1453
What are the prime factors of 94743?
3, 11, 29
What are the prime factors of 4926857?
13, 29153
List the prime factors of 4433196.
2, 3, 83, 4451
What are the prime factors of 703024?
2, 7, 6277
What are the prime factors of 810908?
2, 7, 28961
What are the prime factors of 3862430?
2, 5, 11, 13, 37, 73
List the prime factors of 1078668.
2, 3, 19, 83
List the prime factors of 2641272.
2, 3, 167, 659
List the prime factors of 7044104.
2, 880513
List the prime factors of 185605.
5, 7, 5303
List the prime factors of 12573214.
2, 1901, 3307
What are the prime factors of 340165?
5, 7, 9719
What are the prime factors of 299589?
3, 37, 2699
List the prime factors of 218866.
2, 109433
List the prime factors of 5508409.
2347
List the prime factors of 640346.
2, 7, 53, 863
List the prime factors of 97790.
2, 5, 7, 11, 127
List the prime factors of 176813.
7, 13, 29, 67
What are the prime factors of 285862?
2, 37, 3863
What are the prime factors of 84021?
3, 7, 4001
What are the prime factors of 707875?
5, 7, 809
List the prime factors of 6408859.
6408859
List the prime factors of 894491.
13, 83, 829
List the prime factors of 4033839.
3, 101, 13313
List the prime factors of 2480039.
1283, 1933
List the prime factors of 871494.
2, 3, 13, 11173
What are the prime factors of 22528738?
2, 701, 16069
List the prime factors of 2335392.
2, 3, 17, 53
List the prime factors of 9264718.
2, 53, 87403
List the prime factors of 3036299.
7, 23, 18859
List the prime factors of 228235.
5, 7, 6521
List the prime factors of 149154.
2, 3, 24859
What are the prime factors of 8988856?
2, 107, 10501
What are the prime factors of 84086?
2, 42043
What are the prime factors of 1831773?
3, 59, 79, 131
List the prime factors of 5279703.
3, 11, 13, 31, 397
What are the prime factors of 169630?
2, 5, 16963
List the prime factors of 700520.
2, 5, 83, 211
List the prime factors of 238009.
238009
List the prime factors of 84226.
2, 23, 1831
What are the prime factors of 14487024?
2, 3, 301813
List the prime factors of 1293698.
2, 7, 43, 307
List the prime factors of 306017.
17, 47, 383
What are the prime factors of 2077382?
2, 1038691
List the prime factors of 6472028.
2, 1618007
List the prime factors of 1629613.
149, 10937
List the prime factors of 8564897.
11, 31, 25117
List the prime factors of 3970790.
2, 5, 31, 12809
List the prime factors of 173288.
2, 21661
List the prime factors of 131470.
2, 5, 13147
What are the prime factors of 1648557?
3, 113, 1621
What are the prime factors of 22867435?
5, 67, 68261
What are the prime factors of 1149662?
2, 113, 5087
What are the prime factors of 93928?
2, 59, 199
What are the prime factors of 1122401?
7, 160343
List the prime factors of 764698.
2, 11, 34759
List the prime factors of 17607838.
2, 373, 23603
What are the prime factors of 10859651?
11, 17, 58073
List the prime factors of 209042.
2, 127, 823
List the prime factors of 59442.
2, 3, 9907
What are the prime factors of 14483?
7, 2069
What are the prime factors of 1667474?
2, 833737
List the prime factors of 81752.
2, 11, 929
List the prime factors of 11779.
11779
List the prime factors of 436027.
436027
List the prime factors of 2630792.
2, 328849
What are the prime factors of 2917008?
2, 3, 47, 431
List the prime factors of 9862818.
2, 3, 7, 33547
List the prime factors of 339731.
7, 48533
What are the prime factors of 4945563?
3, 7, 137, 191
What are the prime factors of 242721?
3, 149, 181
What are the prime factors of 305492?
2, 11, 53, 131
List the prime factors of 771221.
11, 70111
List the prime factors of 5330597.
5330597
List the prime factors of 11890628.
2, 1129, 2633
What are the prime factors of 17146566?
2, 3, 35281
List the prime factors of 404912.
2, 25307
What are the prime factors of 7585107?
3, 691, 3659
List the prime factors of 4890063.
3, 1630021
List the prime factors of 9411090.
2, 3, 5, 13, 59, 409
What are the prime factors of 1674937?
11, 152267
What are the prime factors of 197265?
3, 5, 13151
List the prime factors of 1728765.
3, 5, 41, 937
What are the prime factors of 9834244?
2, 7, 351223
What are the prime factors of 175403?
175403
What are the prime factors of 652849?
652849
List the prime factors of 1757099.
139, 12641
What are the prime factors of 351602?
2, 31, 53, 107
What are the prime factors of 4922898?
2, 3, 43, 19081
What are the prime factors of 4855418?
2, 173, 14033
What are the prime factors of 369521?
163,